of -1 - 8 - (16 + -20) - 10?
-15
(0 - 9) + (12 - (-12 - -16))
-1
What is 243 + -266 + (1 - 7)?
-29
Evaluate -15 + -20 + (29 - 7).
-13
What is (19 - -1) + 17 + -29 - (2 + 1)?
5
Calculate -86 + 162 + -61 + (2 - (0 + 6)).
11
(8 - 20) + 6 + (-4 - -4 - -1)
-5
What is the value of 0 + 2 + -27 + 4 + 26?
5
What is -1 + 2 + -1 + 21 + -14 + -14?
-7
What is the value of 4 - (-23 + (37 - -15))?
-25
Evaluate 5 - ((-7 + 4 - -2) + -11 - -7).
10
What is the value of -12 - (4 - ((6 - -3) + -4))?
-11
What is (18 - -3 - -44) + -26?
39
Evaluate -57 - (-35 - (-32 + 31)).
-23
Calculate 5 - (3 + 7) - (0 + 1).
-6
What is -3 - (14 + -12 - -6)?
-11
What is the value of -6 + -13 - (-15 + 23)?
-27
What is (-8 - (-6 - (-14 - -8))) + -6?
-14
Evaluate 7 + (-8 - (-16 + 7)) + -2.
6
Calculate (18 - (18 + -5)) + -12.
-7
11 + -6 - (1 + 4 + -4 + 11)
-7
-1 - -1 - (58 + (46 - 108))
4
-20 + (104 - 115) + (-1 - 7)
-39
What is the value of (-1 - 1 - -14) + 2 + -667 + 669?
16
What is the value of 27 + -5 + -23 + 27?
26
What is the value of -1537 - -1551 - (0 + -2 + 1 + 0)?
15
Evaluate (89 - (142 + -85)) + 0 + -12 + 1.
21
Calculate 1 + (2 - -9 - 2) + (-89 - -91).
12
-11 + (-23 - (-15 - 33))
14
Evaluate 26 - (33 + -16 - -3).
6
Calculate (-10 - -2 - -16) + (2 + 1 - 0).
11
What is the value of -9 + 9 + 4 + (4 - 7)?
1
Evaluate 41 + 1 + (-1143 - -1102).
1
What is the value of -19 + (2 - -10) + 15?
8
Evaluate (-205 - -192) + -1 + 13.
-1
(-1 - -20) + 5 + 8 + -7 + -7
18
What is (10 - (19 + -13)) + 0 - -17?
21
What is -1 + -9 + (34 - (-53 - -84))?
-7
What is the value of 26 + -41 - (-8 - -5)?
-12
What is the value of -2 + (2 + 11 - 4) + (54 - 41)?
20
What is the value of 2 + -49 - -61 - (2 - 0)?
12
What is (-2 + -7 - (-23 - -20)) + (-4 - 3)?
-13
(-8 - -5) + -7 + 7 - (3 - -2)
-8
21 + 1 + -312 + 310
20
What is the value of -11 - -7 - (24 - 50)?
22
70 - 114 - (-3 + -10)
-31
4 + 0 - 8 - -24
20
Calculate 9 - (19 + (1 - 9)).
-2
Calculate 0 + 11 + -32 - (27 + -32).
-16
Evaluate -2 - (-3 + -6 + -4) - 19.
-8
Evaluate 0 + -2 + -11 - (1519 - 1538).
6
Calculate 4 + -2 + 1 - -13.
16
What is -5 + (4 - -2) - -12?
13
What is the value of 0 + 22 - (-2 - -46)?
-22
What is -54 - (-11 + 3 + -33)?
-13
-8 + 18 + (-18 + -13 - 9)
-30
Calculate (-20 - (-15 + (-43 - -2))) + -17.
19
Evaluate -44 + (86 - 40) + 0 + -1.
1
Evaluate (22 - (37 - 15)) + 31.
31
What is 25 + (-77 + 10 - -22)?
-20
What is the value of (-6 - (-19 - (-8 + 4))) + -3 - 14?
-8
20 + 1 + -6 + -4
11
What is -6 + 3 - (3 - (4 - -12))?
10
What is -9 - (6 - (0 - -9)) - (-2 - 2)?
-2
What is the value of -470 + 500 - (-2 - -33)?
-1
What is the value of -14 + (5 - (1 - -4 - 7))?
-7
-23 + (14 - (23 - 9))
-23
What is the value of -15 - -6 - 4 - -13 - (-5 + 1)?
4
27 - (-31 + 71 + 0)
-13
(0 - -8) + 5 - ((5 - 3) + 3)
8
What is the value of (-4 - 10) + -4 + -2 + 0?
-20
What is -17 + (-1 - (-27 - -16))?
-7
Evaluate 10 + (11 + -22 - 6).
-7
Evaluate (18 - 13) + -14 - -14.
5
Calculate 14 + -2 + -12 + 5 + 1 + 5.
11
What is the value of -2 + 26 + -18 + -26?
-20
Calculate 7 + 4 + (2 - -7 - 5) + -3.
12
Evaluate -4 + 0 - (-1 - -8 - -7 - -1).
-19
What is (4 + (7 - (0 - -13)) - 4) + -5?
-11
What is the value of 6 - (6 - 2 - 11) - 15?
-2
What is 6 + -5 + 4 + (7 - (5 + -1))?
8
What is 19 - 26 - (11 - (1 - -1))?
-16
(13 + -1 - 5) + (3 - -6)
16
(-2 - -13) + -6 + 0 - (-1 + 21)
-15
What is the value of 14 + -3 - (0 + -1)?
12
(80 - 75) + 5 + (-2 - 1) + 5
12
(-227 - -229) + (4 + (-4 - 3) - -15)
14
What is the value of (18 - -2) + -8 + 2?
14
What is the value of 49 - 42 - (-3 + 13)?
-3
Evaluate 1 + -6 - (-24 - -24) - -15 - 8.
2
Calculate -4 - (-10 - 0 - (-7 + 31)).
30
What is the value of 3 - (41 + (-13 - 23))?
-2
(46 - 131) + 76 + 31 + -2 + -1
19
Evaluate (1 - -6) + (1 - (-6 + 5)) + -7.
2
What is the value of 0 + 10 - (-3 + (6 - 9 - 2))?
18
What is the value of -1 - (6 + -1 + -16 + -4 + 1)?
13
What is -31 + 15 + (3 - (2 + -1))?
-14
What is -6 + (-2 - -1) + 0 + 3 + 1?
-3
(2 - 4) + -2 + 2
-2
(1 - 14) + (-178 - -173) - -13
-5
What is 0 + (-1 - 5 - -7) - -7?
8
What is 3 + -9 + (0 - 17 - -13)?
-10
Calculate -12 - 1 - (80 + -76) - (-5 - -1).
-13
Evaluate (12 - (7 + 1)) + 10 + 4 + -1.
17
Evaluate -3 + 2 + (-12 - (-2 + -8)) + -7.
-10
-122 + 99 + (5 - 6)
-24
2 - (17 + -36 + 42)
-21
-6 + (-7 + 5 - -6) + 7 - 7
-2
Calculate -8 - (10 + -21) - (1 - 29).
31
What is the value of -7 - (11 + (-26 - -9)) - -7?
6
Evaluate (-56 - -75) + (4 - (-5 - -3) - 2).
23
What is the value of -7 + 1 + (-20 + 7 + 1 - -18)?
0
What is the value of -1 - -10 - (2 + -4 + (-7 - -14))?
4
What is the value of 6 - ((-55 - -12) + 27)?
22
(2 + 8 + -2 - 2) + 3
9
Calculate -6 + -8 - (-13 - -11 - 5).
-7
What is the value of (-1 - (-7 - (-2 - 10))) + -3?
-9
What is the value of 7 - (11 + 14 + -2 + -8)?
-8
Evaluate (2 - 32) + (-35 - -60) + -10.
-15
Calculate -1 + (-88 - -92 - (-1 - -2 - 0)).
2
Calculate 16 + (-34 - (-46 + 33)).
-5
15 - 0 - (-155 + 177)
-7
Calculate (3 - 4) + -14 + 12.
-3
What is the value of -17 + 8 + 16 - -13?
20
What is the value of -6 + -32 + 66 + -36?
-8
Evaluate 0 + -2 + 8 + 3.
9
Evaluate 9 + -23 - 2 - -7.
-9
What is the value of 1 + -34 + (21 - (22 + -22)) + -14?
-26
Calculate 0 + -9 - (412 + -412).
-9
What is the value of -377 + 363 + (-2 - (0 + 0 + 0))?
-16
What is the value of 2 + 3 + 0 + (7 - 31)?
-19
What is the value of (-2 - 13 - 0) + 11?
-4
(-473 + 452 - (-1 + -24)) + 4 + -1
7
Evaluate -13 - ((14 - 17) + 2).
-12
What is 12 - ((-10 - -20) + 10)?
-8
Calculate 13 - -9 - (-7 - (-6 - -4)) - 6.
21
Calculate (3 - (2 + 8)) + 17.
10
Calculate 37 + -1 + (15 - 38).
13
What is the value of (-13 - -15) + 3 + -5?
0
Calculate 3 + (-4 + 3 - (-7 - (-16 - -5))).
-2
Calculate 6 + -9 + 31 - (-1 - 3 - -3).
29
What is the value of (-36 - -44 - 6) + -34?
-32
Evaluate -19 + 19 - -9 - -13.
22
What is the value of 9 + 4 + -3 + -3 + 3?
10
What is 36 + -10 + -27 - (0 + 2 + 0)?
-3
What is the value of (-1 - 11) + 380 + -371 + (0 - -18)?
15
What is the value of (-2 - -6 - -6) + -1 - (42 + -41)?
8
What is the value of -8 + (5 - (8 - (-7 + (2 - -2))))?
-14
What is 4 - -2 - (-10 + 1 - (-233 - -217))?
-1
133 - 174 - (-2 - 0 - (14 + -12))
-37
13 + (-39 - -27) - (-2 + (4 - 2))
1
What is the value of -9 - -1 - (-1 + -5 + 12)?
-14
What is the value of -2 - -42 - (14 + 8)?
18
Evaluate -10 - (-13 + 19 + -13).
-3
What is -26 + 29 + -17 + 0?
-14
Evaluate (-22 + 7 - -29) + (-5 - 0).
9
What is (7 + -21 - -27) + -19?
-6
Evaluate 8 + -1 + -18 + -205 + 217.
1
What is (102 - 103) + (-2 - -17)?
14
What is (-1 + 1 - 6) + 2 - (1529 - 1529)?
-4
Calculate 4 - 17 - (-2 + 3 - 0).
-14
Evaluate -1 - -6 - (4 - -1).
0
Calculate -5 - 1 - ((11 - -11) + -13).
-15
(146 - 133) + (-10 - (1 - 3))
5
What is the value of (-33 - -48) + (-8 - -8)?
15
What is the value of -21 + (28 - (18 + -5))?
-6
Evaluate (-1 - 1) + -8 - -2.
-8
What is 37 - (-38 - -89) - -45?
31
What is the value of (4 - (6 - (-3 + 0))) + 4?
-1
Calculate 102 - 119 - (-28 - -7).
4
Evaluate -1 - 2 - ((0 - 59) + 35).
21
Calculate 201 - 180 - (0 + 10).
11
What is -27 - 1 - (10 + -25)?
-13
(11 + 5 - 27) + 20 + -1
8
What is the value of (0 - -1) + (4 - -1) + -5 + -7?
-6
What is the value of -2 + -1 + (-1 - (-13 - -5)) - 17?
-13
What is (-4 - (10 - 1) - -4) + (-7 - 0)?
-16
What is 4 + 4 - (6 - (-9 - 0))?
-7
What is -12 + (-8 - (2 + (1 - -2)))?
-25
What is -8 + (15 - -3 - 28)?
-18
What is the value of 5 + 24 + -33 + (8 - -6)?
10
What is (8 + -8 - 6) + 2 + -4?
-8
Evaluate (8 + -3 - (-4 + -3)) + 8.
20
Calculate -821 - -813 - (0 + -2 + 1).
-7
What is the value of 35 - (7 + 15 + -10)?
23
11 + -4 + 6 + 0 + -2
11
Evaluate 0 - (-9 - ((11 - 9) + -4 - 6)).
1
What is the value of 18 + 8 - (3 - (4 - (1 + 6)))?
20
What is the value of 2 + -2 + 0 + -6 + 4 + -2?
-4
What is 13 + (42 - 23 - 35)?
-3
What is -82 + 116 - (15 + 47)?
-28
Evaluate 687 + -689 + (0 - -18).
16
42 + (4 - (30 + -5))
21
What is the value of -29 + 38 - (1 - -17) - -4?
-5
Evaluate -9 - ((7 - (17 - 0)) + 6 + 0).
-5
Calculate -4 - (6 - 5 - (1 - -3)) - 12.
-13
What is the value of -6 - (-1 + 7) - ((2 - 0) + -6)?
-8
What is the value of (1 - -35) + 1 + -16?
21
What is 2 - (-8 + 11 + -3) - 2?
0
(171 - 151) + (-23 - -6)
3
What is -2 + -7 + -13 + 6?
-16
Evaluate 0 - ((2 - -8) + (2 - -3 - 10)).
-5
(9 + -8 - -14) + -13
2
Calculate 31 + -16 + 10 + -10.
15
16 + (-21 